4*c + 2395 + 7133 = -94. Let b = c - k. What is the greatest common factor of 21 and b?
21
Let o(u) = 4*u**3 - 29*u**2 + 76*u + 21. Let f be o(19). What is the highest common factor of 12 and f?
12
Let n be 2/(-9) + 1026/243 - -282. Let x = -1 - 2. Let q be x/12*13*-8. What is the greatest common divisor of n and q?
26
Let d(k) = k**3 - 5*k**2 + 2*k + 6. Let i be d(5). Let a = 630 - 606. Suppose 0 = -20*t + i*t + a. What is the greatest common factor of t and 10?
2
Let d be (-1*1)/(2/(-136)). Let s = -149963 - -149967. What is the greatest common divisor of s and d?
4
Suppose -139*h = -141*h + 52. Let j be h/(-169) - 6556/(-26). What is the highest common divisor of j and 63?
63
Let t be 2 + (-784 - (-3 + -2))/(-1). Calculate the greatest common factor of t and 11.
11
Suppose 1008*g - 8053 = -3*j + 1013*g, 3*j - 2*g - 8056 = 0. What is the highest common divisor of 34 and j?
34
Let g be (-3)/9 - (-1792)/12. Let r = 126 + g. Calculate the greatest common divisor of 55 and r.
55
Suppose -29*n - 17356 = -25733 - 35558. Calculate the greatest common divisor of 10 and n.
5
Suppose 543 = 3*q - 21. Let y = q + -164. Let d = 3 + 13. What is the highest common factor of y and d?
8
Suppose -244 = -13*b + 42. Let u be (360/(-660))/((-2)/b). What is the greatest common factor of 27 and u?
3
Let b(u) = u**3 - 14*u**2 + 146*u + 84. Let q be b(24). Calculate the greatest common divisor of q and 60.
12
Suppose -b + 3*l - 5 = 0, 45*l - 10 = -4*b + 47*l. Suppose 83 - 95 = -b*m. What is the greatest common factor of 47 and m?
1
Suppose r = -84 + 87. Suppose -47*k = -52*k + 30. Suppose 9*q - k = 6*q. Calculate the highest common factor of q and r.
1
Let u be 618/11 - (-2)/(-11). Let f be 726/9*3/2. Let v = f - 114. What is the greatest common factor of u and v?
7
Let d(j) be the second derivative of -j**5/20 - 5*j**4/4 + 11*j**3/6 - 19*j**2 + 80*j. Let h be d(-19). Calculate the highest common divisor of h and 63.
63
Let a(g) = -g**3 + 10*g**2 + 5*g + 14. Let q be a(10). Suppose -3*h - 89 = 82*c - 83*c, -3*c + 237 = h. Calculate the highest common divisor of q and c.
16
Let c(h) = -87*h - 3728. Let d be c(-43). What is the highest common factor of 6526 and d?
13
Suppose 4*f - 1 = 2*p + 21, -2*f - 4*p = 14. Suppose 27 = s + 5*j, 0 = -4*s + f*j + 2*j + 33. What is the highest common divisor of 36 and s?
12
Suppose 4*h - 3*f = 10800, 28*f - 33*f + 10800 = 4*h. Suppose 19*k + h = 28*k. What is the highest common factor of 15 and k?
15
Let l = -47 + 75. Let v = -59 - -61. Suppose 5*x - v*z - 344 = 0, -3*x + 0*z - 2*z = -216. What is the highest common factor of l and x?
14
Let o(m) = 272*m**2 + 11*m + 2. Let q(f) = -181*f**2 - 7*f - 1. Let g(k) = -5*o(k) - 8*q(k). Let h be g(1). Calculate the highest common divisor of 783 and h.
87
Let y = 11788 - 11786. What is the greatest common factor of y and 331?
1
Suppose 3*p - 7 = 443. Suppose 57*r + 67*r = 35420 - 10620. Calculate the greatest common divisor of p and r.
50
Suppose 3*k + 3*y - 123 = 0, -4*k + 38*y - 36*y = -158. Calculate the greatest common divisor of 2152 and k.
8
Let w(z) = z**2 + 111*z + 2926. Let n be w(-70). Let o be -3*1/(3/(-7)). Calculate the greatest common factor of o and n.
7
Let f(n) = -111*n + 1268. Let r be f(8). What is the greatest common factor of 114 and r?
38
Let j be 13/8 - (-45)/120. Suppose 2*r = -j*k + 726, -10*r + 15*r - 1818 = -2*k. What is the highest common factor of 104 and r?
52
Let l be (548/16)/(11/(-44)). Let c = 192 + l. What is the highest common divisor of 22 and c?
11
Suppose -2*t + 5*j + 42 + 75 = 0, -2*j = 2*t - 96. Suppose -t = -5*y + 9. Suppose 2*g = 33 - 9. What is the greatest common factor of y and g?
12
Suppose -7139 + 6985 = -22*t. Let o be -1*2 + 1 + 4. Suppose o*z - 114 - 126 = -3*b, 296 = 4*b - 4*z. Calculate the highest common factor of t and b.
7
Let o = -15434 + 15462. What is the greatest common factor of o and 2275?
7
Let z(u) = -17*u**3 + 2*u**2 - 5*u - 7. Let i be z(-2). Suppose 4*o - 77 = -3*q - 2, 5*q - 4*o - 93 = 0. Calculate the greatest common factor of i and q.
21
Suppose 108 = 27*c - 23*c. Suppose -4*d + 6*d = -4*h + 122, 5*d + 3*h - 312 = 0. Calculate the highest common factor of d and c.
9
Suppose 4*z = 7*i - 6*i + 3148, 0 = 7*i + 28. Calculate the highest common divisor of 8384 and z.
262
Let g(r) = r**2 + 13*r - 131. Suppose 5*d - 39 = -w, -d - 3*d + 8 = -5*w. Let k be g(d). Calculate the highest common divisor of 63 and k.
9
Let a = -13736 + 14688. Let v = 9 + 8. What is the greatest common factor of a and v?
17
Let r be -15 + 234/13 + 35052. Calculate the greatest common factor of r and 570.
285
Suppose -155 + 19 = -4*r. Suppose -199 = -2*n - o, 7*o - 9*o = -3*n + 316. Suppose -14*y - n = -16*y. Calculate the highest common factor of r and y.
17
Suppose 825 = -18*z + 2031. What is the greatest common factor of z and 335?
67
Let k = -59 - -67. Suppose 4*u = 4*t, -t = 6*u - 2*u - 25. Suppose 0*y + 2*b = 3*y + t, -3*y - 5*b = -23. Calculate the highest common factor of k and y.
1
Suppose -4*x = 12, -3*x + 7*x = 4*i - 648. Suppose 2*m = 3*a - 1742, i + 2160 = 4*a + m. Calculate the highest common factor of 58 and a.
58
Let q = -433 + 437. Let t be (3/(-12))/(q/(-48)) - -150. Calculate the greatest common divisor of 9 and t.
9
Suppose -3*w + 5 = 2*w. Let r be (-2 - -3)/(1*1/8). Suppose 5*h + n = 29, -5*h + 41 - r = 2*n. Calculate the highest common factor of w and h.
1
Let n = -47 - -83. Let x(y) = -4*y**2 + 104*y + 156. Let m be x(27). Calculate the highest common divisor of m and n.
12
Let d = 19 - 23. Let h be (-10 - d)*4*-3. Suppose -79 = -8*g + 5*g + 5*c, -3*c = 2*g - 21. Calculate the greatest common factor of h and g.
18
Let s = -28 - -40. Let u(k) = k**2 - 5*k + 6. Let a be u(s). Let n = -48 - -63. What is the greatest common divisor of a and n?
15
Suppose -5*o - 29 = -194. Suppose -9*l + w - 25 = -13*l, -3*l - w + 20 = 0. Suppose -4 = -l*r + 106. What is the highest common divisor of o and r?
11
Suppose 0 = -14*x + 107 + 47. Let r(p) = p**2 - 8*p - 9. Let j be r(x). What is the greatest common factor of j and 36?
12
Suppose 2*x + 6 - 16 = -3*z, -x - 4*z + 5 = 0. Suppose c = 5*k + x*c - 91, -k + 35 = 5*c. Calculate the greatest common factor of k and 480.
15
Let o = -7449 + 8343. What is the greatest common divisor of 3278 and o?
298
Suppose -5*w + 691 + 433 = 3*p, 4*w = 2*p - 720. Suppose g = 3*g + 4*b - 140, -b + p = 5*g. Let c = 68 - 31. Calculate the highest common factor of g and c.
37
Let i be 9/1 + -17 - -453. Let a = 508 - i. What is the highest common factor of a and 144?
9
Suppose 38 = 4*j + 50. Let c be (-1950)/(-20)*(-2)/j. Suppose 0 = -4*r - 28 + 80. Calculate the highest common divisor of c and r.
13
Suppose 3*m = 6*m - 351. Let u = -152926 - -153030. What is the greatest common factor of u and m?
13
Suppose 11459 + 7215 = 113*x - 44832. What is the greatest common divisor of x and 18827?
281
Suppose 0 = -3*d - 3, 36*u + d = 33*u + 200. What is the highest common factor of 14941 and u?
67
Let d = -24817 + 24921. Calculate the greatest common factor of d and 34216.
104
Suppose -f - 2*d + 203 = 7, 553 = 3*f - d. Suppose -5*c + f = 826. Let x be c/((-3 - -4) + -2). What is the highest common factor of 16 and x?
16
Let g = -21 + 45. Let b(o) = 7*o**2 - 154*o + 3. Let k(z) = -z**2 - 16*z - 17. Let i be k(-13). Let f be b(i). Calculate the greatest common divisor of g and f.
3
Suppose 34*z + 0*z = -6936. Let x = -194 - z. What is the greatest common divisor of x and 640?
10
Suppose -2223 = -6*r - j + 206, 5*r - 2030 = 5*j. What is the greatest common factor of r and 11475?
135
Suppose -15 = -11*j + 8*j. Let b be 4/2 + -3 + j. Suppose b*m = 2*m + 36. Calculate the greatest common divisor of 144 and m.
18
Suppose 12812 = -1226*n + 145220. Let b be 0 - (-2*2 + 0). Calculate the highest common factor of b and n.
4
Let r be 2*(-1 + 2) + 1 + 3. Let u be 234/52*-1*4/3. Let i(d) = -d**2 - 8*d - 6. Let a be i(u). What is the greatest common divisor of a and r?
6
Suppose -11 = i - 16. Suppose i*t - 18 = -4*t. What is the highest common factor of t and 10?
2
Let i = 54 + -38. Let y = -23 + 26. Let v be 6 + y + -2 + -3. What is the highest common factor of i and v?
4
Suppose 0 = -k - 14*y + 613, -170*k + 171*k + 3*y - 591 = 0. What is the